housands digit of y?
9
Let t = -90 + 106. What is the hundreds digit of -12*(-12)/18*t?
1
Let y = -43266 + 65638. Suppose y = 7*l + 40*l. What is the tens digit of l?
7
Suppose -852 = -12*s + 10*s. Let y = -184 + s. What is the units digit of y?
2
Let p = 119 + -108. Suppose -p*j - 2376 = -0*j. Let q = j - -339. What is the tens digit of q?
2
Let f = -3448 + 10406. What is the units digit of f?
8
Let y be ((-1)/(-2))/(2/52). Suppose -325 = -8*s - y. Suppose 0 = 7*p - 10*p + s. What is the units digit of p?
3
What is the thousands digit of 6548 + ((-9)/(-10) - 1/(-10))?
6
Let k = 12 + -10. Let f(g) = -g**2 + 0 + 6*g**3 + 3*g**3 - 4 + 3*g - 2*g**2. What is the units digit of f(k)?
2
Suppose -r = 7 - 10. Suppose -2*n = -z, z + 4*n - 9 = r. What is the units digit of z/14 - (-5)/7?
1
Let r(f) = 6*f + 15*f - 3*f - 19 + 3*f**2. Let k be r(-11). Suppose -n + 111 = 3*n - 5*u, 5*n + u - k = 0. What is the tens digit of n?
2
Suppose -19*w + 7764 - 28265 = 0. What is the hundreds digit of (w + -1)*(-264)/330?
8
Suppose 3*y = y - h - 11, -2*h - 10 = y. Let s be y + (-6 - -3) + 4 + 0. What is the units digit of (-44)/s*(-1140)/(-80)?
9
Let d = 59 - 57. Let s(b) = -3*b + 8*b**2 - 5*b**2 - 2 + 10*b**2 + 7*b**d. What is the tens digit of s(2)?
7
Let n be (-16)/(-5)*(-4 - (-39)/6). What is the tens digit of ((-73)/(-219))/((n/(-726))/(-4))?
2
Let h be 12/18 + 87/(-9). What is the units digit of (h/18)/((-3)/54)?
9
Suppose -3*p + 14*d = 10*d - 49363, 2*p = -5*d + 32924. What is the tens digit of p?
5
Let q = 201 - 240. What is the tens digit of 394/6 + 65/q?
6
Let w = -3773 + 7993. What is the thousands digit of w?
4
Let m(x) = x**3 - 5*x**2 + 144*x + 31. What is the tens digit of m(15)?
4
Suppose 6*j = 7*j + j. Suppose j = -10*s - 14*s + 14664. What is the hundreds digit of s?
6
Let n(u) = -u - 3. Let z be n(-2). Let l be -4 + 0/(1 + (0 - z)). What is the tens digit of (-29926)/(-117) - l/18?
5
Let i(z) = -4*z + 9. Suppose f = -t - 3 + 9, 4*f - t - 14 = 0. Suppose 15 = -f*m - 33. What is the units digit of i(m)?
7
What is the units digit of 6/7 + (-61181670)/(-1155)?
2
Let j(n) = n**3 - 9*n**2 - 12*n - 25. Let u be j(11). Let b = u - -78. What is the hundreds digit of b?
1
Suppose -3*m = 113 - 128, 4*v - 5*m = 37951. What is the hundreds digit of v?
4
Let b = 1866 + 10399. What is the tens digit of b?
6
Let n be 172*1/8*122. Suppose -n + 8479 = 8*r. What is the units digit of r?
2
Suppose -1445 = 11*v + 2999. Let z = 1343 + v. What is the hundreds digit of z?
9
Suppose -51808 = 29*v - 61*v. Suppose -12*b + 6899 = v. What is the hundreds digit of b?
4
Suppose 0 = -28*a + 210 + 518. Suppose a*m - 13510 = 12*m. What is the tens digit of m?
6
Suppose -12*i = -73833 - 260871. What is the ten thousands digit of i?
2
Suppose -9*g - 129 = -678. Suppose 6*k - g = k - 3*i, 3*i = 5*k - 49. What is the tens digit of k?
1
What is the tens digit of (2 - -189)*((-1391)/107)/((-1)/2)?
6
Let t(x) = 73*x - 45. Suppose 7*d - 19*d + 72 = 0. What is the hundreds digit of t(d)?
3
Suppose 21*k - 18*k = 3*v - 34494, -5*k = 5*v - 57530. What is the units digit of v?
2
Let t be 99/12 - (-9)/12. Let f(w) = 8*w**3 + 15 - 9*w**3 + t*w**2 + 0*w**3. What is the tens digit of f(9)?
1
Let p(w) = 3*w**2 + w - 8. Let n be p(2). Suppose 0 = -n*c + 2*c + 8. Suppose -s + x + 174 - 36 = 0, 4*s - 558 = -c*x. What is the tens digit of s?
3
Suppose -86*l = -95*l + 171. Suppose -4243 = -l*d + 1761. What is the units digit of d?
6
Let q(y) = -17*y + 7. Let k(w) = -188*w + 78. Let p(m) = -6*k(m) + 68*q(m). Let b be p(4). Let o = b + 182. What is the tens digit of o?
7
Let j(d) be the first derivative of 3*d + 11/3*d**3 + 14 + 3*d**2. What is the hundreds digit of j(-4)?
1
Let q = 2145 + 989. What is the thousands digit of q?
3
Let f = 42068 - 29516. What is the hundreds digit of f?
5
Suppose 5*f + 5*u + 3628 = 8*f, -4*u = -5*f + 6025. Let m = f + -577. What is the hundreds digit of m?
6
Let g(z) = 26*z**2 + 91*z - 726. What is the hundreds digit of g(34)?
4
Let r = -26 + 16. Let k = 41 - -64. What is the units digit of k - -1 - (r - -11)?
5
Let y be 2/((-201)/(-66) - 3) + 1. Let p = y + -41. What is the units digit of 10/12*3*p?
0
What is the thousands digit of ((-6)/18)/(13/(-58929))?
1
Let u = 35678 + -20589. What is the thousands digit of u?
5
Let p = 308 + -307. Let a(r) = 589*r**2 - 4*r + 6. What is the hundreds digit of a(p)?
5
Suppose -4*n - 5*l - 25 - 1 = 0, 14 = -n - 5*l. Let b be (-6 + 4)*6 + n. Let d(m) = -2*m + 31. What is the tens digit of d(b)?
6
What is the units digit of (16 - 3) + 4907 + ((-4)/2 - 0)?
8
Suppose 5*g - 6 = q, 4*q - 5*g - 6 = -0*g. Suppose q*p - 1949 - 339 = -4*s, -4*p = 3*s - 1712. What is the units digit of s?
6
Suppose 2*g = -4*i + 16, -2 = -i + 3*g + 2. Suppose -555 = -5*a + 5*w, -2*w + 0*w - 436 = -i*a. What is the tens digit of a?
0
Let m(u) = -2*u**2 + 43*u + 30. Let k be m(24). Let p = -126 - k. What is the tens digit of (-80)/12*p/10?
2
Let j = -10 + 7. Let r = 308 - 309. What is the hundreds digit of (j + r)*1 + 112?
1
Let p be (-3)/(-9) + 202559/21 + 0. Suppose -13*l - l + p = 0. What is the hundreds digit of l?
6
Let n = 2215 - 1431. Let t = 2115 - n. What is the thousands digit of t?
1
Suppose 0 = -2*n - g - 42, 3*n - 8*g = -10*g - 62. Let y(u) = -6*u + 98. What is the tens digit of y(n)?
3
Suppose -95693 = -5*u + 26*v - 24*v, -76551 = -4*u + 5*v. What is the thousands digit of u?
9
Let n(l) = -73*l - 179. Let f be 47/((-3666)/1260) - 4/(-26). What is the hundreds digit of n(f)?
9
Let r(o) = -o**3 - 6*o**2 - 2*o + 15. Let b be r(-5). What is the tens digit of (-1 + -2)*(5868/(-27) + b)?
5
Let q be (-54)/(-15)*(-70)/21. Let m = 15 + q. Suppose 0 = p + g - 95, -m*p = -5*g - 41 - 252. What is the tens digit of p?
9
Suppose 20*y - 321779 - 432181 = 0. What is the ten thousands digit of y?
3
Let f = -316 + -588. Let c = f + 1692. What is the tens digit of c?
8
Let y(a) = -a**2 + 8*a + 9. Let m be y(9). What is the units digit of -2*(-2 - m) - -532?
6
Let y = 13457 - 3946. What is the units digit of y?
1
What is the hundreds digit of (-14 - 9512/(-32))/((-1)/(-20))?
6
Let w(l) = -69*l - 6. Let v(m) = -274*m - 25. Let a(c) = -4*v(c) + 18*w(c). What is the units digit of a(-1)?
8
Suppose 2*g + g - 8289 = 0. Suppose -7*y - 551 + g = 0. What is the units digit of y?
6
What is the tens digit of -10*(133613/(-1855) + 6/14)?
1
Let w = 102532 - 61727. What is the hundreds digit of w?
8
Let w = 25371 + -15484. What is the hundreds digit of w?
8
Suppose -f + t + 2 = -10, -4*f + 3*t = -52. Let g(x) = x**2 - 15*x - 1. Let d be g(f). Let y = 123 - d. What is the units digit of y?
8
Let f = -586 - -590. Suppose -f*z - 211 = -1939. What is the hundreds digit of z?
4
Suppose 352 = -3*x - 443. Let c be (-5)/(x/65 - -4). Suppose -q - c = -2*k, 2*k - 2*q - 61 = 3*q. What is the units digit of k?
3
Suppose 22*c = 19*c + 18. Let r(x) = 3*x - 23. Let d be r(c). Let l(y) = y**3 + 4*y**2 - 8*y - 5. What is the tens digit of l(d)?
1
Suppose 0 = p + p - 84. Let r be -3*1/(-18) + 1589/p. Suppose -5*g + 3*v + 82 + r = 0, -g = v - 16. What is the tens digit of g?
2
Let l(s) = -14*s**2 - 112*s - 46. Let j be l(-21). Let h = j - -5554. What is the tens digit of h?
8
What is the ten thousands digit of 10 + 142961/14 - (-9)/6?
1
Suppose 3*w = 3 + 6. Suppose 0 = -5*r - 5*c + 540, -r = -w*c - c - 103. Suppose -146 = -4*t - 5*d + 73, 2*t + 3*d = r. What is the units digit of t?
1
Let m = 4033 + -4048. Let b(r) = r. Let t(k) = 6*k + 37. Let i(f) = -4*b(f) - t(f). What is the hundreds digit of i(m)?
1
Let h(j) = -j**3 - 8*j**2 - 10*j - 163. Let s be h(-9). What is the tens digit of s/(-14) + (-112375)/(-203)?
5
Let q = -641 + 405. Let y = q - -361. What is the hundreds digit of y?
1
Let q be (-16)/5*(765/(-6) - -10). Suppose 207 = v - 2*w - q, w = v - 579. What is the units digit of v?
5
Let f(p) = 6*p**3 + 9*p**2 + 14*p + 13. Let t(s) = -5*s**3 - 9*s**2 - 14*s - 14. Let g(m) = 2*f(m) + 3*t(m). What is the tens digit of g(-7)?
7
Let l(f) = -f - 36. Let p be l(-27). Let g be 4/(-12)*1 + (-3)/p. What is the tens digit of 10 + -11 - (-150 - g) - -3?
5
Suppose -q - 5731 = -1556. Let f = -2458 - q. What is the thousands digit of f?
1
Suppose -2*f + 4*p + 11675 = -4437, -4*f + 32251 = p. What is the hundr